*c + 93 = -q. What is the units digit of c?
6
Suppose 90 + 66 = 12*j. Suppose -j*c + 116 + 599 = 0. What is the units digit of c?
5
Let p(g) = -3*g**2 - 4*g - 12. Let s be p(8). What is the tens digit of s/(-4) + (-6)/2?
5
Suppose 0 = -5*k - 2*j - j + 54, -2*k = 3*j - 27. Suppose -k*m + 4*m = 100. Let z = m - -69. What is the tens digit of z?
4
Let p = -580 - -895. What is the units digit of p?
5
Let p(g) = 4*g**2 - 8*g + 6. Let r(q) = 17*q**2 - 32*q + 24. Let j(o) = -26*p(o) + 6*r(o). What is the units digit of j(7)?
2
Let o = -4 - 9. Let f = o - -19. What is the units digit of (-48)/(-20) - f/15?
2
What is the tens digit of 42948/(-3 + -3)*10/(-15)?
7
What is the hundreds digit of -1054*(0 - (-143)/(-26))?
7
Let m = 275 + 312. What is the units digit of m?
7
Suppose 2*z + 35 = -163. Let k = -35 - z. What is the units digit of k?
4
Let r be (-3)/(2/(-8) + (-146)/(-616)). What is the units digit of 66/r + ((-1842)/(-7))/3?
8
Let c = -71 + 125. Suppose 5*s + 231 = 3*r, -3*r + 3*s = -171 - c. Suppose -5*u = -u - r. What is the tens digit of u?
1
Let y = -2 - -2. Suppose -2 - 2 = -4*a. What is the units digit of a - (y + -19) - 2?
8
Let z(a) = 3*a + 28. Let p be z(-9). What is the tens digit of (-2 - -175) + -4 - p?
6
Suppose 3*z - 9 = -0*z. Suppose -z*l + 4*l + 4*r - 3 = 0, 0 = -l - 3*r + 3. Suppose l*n = -4*w + 158, -w = 2*n + 2*n - 33. What is the tens digit of w?
4
Suppose -14*q = 932 - 9122. What is the tens digit of q?
8
Let r = 5 - -20. Suppose 8 = 4*v, v - 2*v - r = -3*n. What is the units digit of n?
9
Let i(k) = 5*k + 33. Let q(d) = d + 8. Let m(h) = -4*i(h) + 18*q(h). Let w be m(7). What is the units digit of (9 + -2)/(3 + w)?
7
Let b(p) = -3*p**3 - 17*p**2 - 45*p + 9. Let h(j) = -2*j**3 - 9*j**2 - 23*j + 5. Let a(c) = 4*b(c) - 7*h(c). What is the tens digit of a(6)?
3
Let c = 456 - 112. What is the hundreds digit of c?
3
Let l(d) = 7*d + 24. Let i(b) = b + 1. Let x(s) = -4*i(s) + l(s). Let f be x(-5). Suppose f*k - 420 = -2*k. What is the units digit of k?
0
Let y be 12*((-4)/(-8) + 0). What is the units digit of 904/12 - ((-16)/y)/4?
6
Suppose 5*h - 8*h = -180. Let u be (24/(-5))/(2/h). Let l = -101 - u. What is the tens digit of l?
4
Suppose -q + 3*j + 5408 = 0, 52*q - 54*q + 10810 = -3*j. What is the tens digit of q?
0
Suppose 7*b = -2*i + 3*b + 1672, -b = -4*i + 3308. What is the hundreds digit of i?
8
What is the units digit of (-374)/(-44)*(-1 - -85 - 2)?
7
Let r(z) = z**2 + z. Let c(n) = -6*n**2 - 6. Let y(j) = -c(j) - 4*r(j). What is the units digit of y(-4)?
4
Let q be (6/5)/((-1)/60). What is the units digit of ((-29)/(-6))/((-12)/q)?
9
Let q(g) = -g**3 + 20*g**2 + g - 17. Let w be q(20). Suppose 4*j + 4*i - 524 - 108 = 0, 0 = w*i - 6. What is the hundreds digit of j?
1
Suppose -21*m + 2208 = -19*m. What is the hundreds digit of m?
1
What is the units digit of (35 - 16 - 19) + (-2302)/(-2)?
1
Let y = 25 + -25. Suppose -3*a + 53 - 8 = y. What is the tens digit of a?
1
Let r = 0 - 4. Let x be (6 - r)/(1*2). Suppose 34 = 4*f - f - x*c, -5*f = 2*c - 5. What is the units digit of f?
3
Let x be 48/56*(1 - 8). What is the tens digit of (-206)/(-6) - (-2)/x?
3
Suppose 0 = -2*o - s - 31, s = 4*o - o + 59. Let q(b) = 8*b + 2. Let m be q(5). Let p = m + o. What is the tens digit of p?
2
Let f = 1015 + -851. What is the hundreds digit of f?
1
Suppose -k = -2, 3*i = 5*i - 5*k + 2. Suppose 0 = r - 4*s + 3, -s = 2*r - i*s + 6. What is the units digit of r*5/(30/(-94))?
7
Suppose 20 = 5*z + 3*u, 2*u = 4*u. Let w be 7/((-7)/4)*(-1 + 0). Suppose 3*v = z*v - 5, -43 = -w*s + v. What is the tens digit of s?
1
Suppose -9523 = -16*t + 40205. What is the thousands digit of t?
3
Suppose 5*b - 3*b = 0. Suppose 2*l + 2*l - 36 = b. What is the units digit of l?
9
Let w be (2/(-4))/(8/(-64)). Suppose 2*a + w + 8 = -3*z, 0 = -z + a - 4. What is the units digit of 8/1*(-3)/z?
6
Suppose -16 = -4*x + 8*x. Let s(d) = 3*d**2 + d - 7. Let t be s(x). Suppose 0 = -4*k + t + 23. What is the tens digit of k?
1
Let t be 3/4 - 45/(-4). Let q = 13 - t. What is the tens digit of 72 + (q + -3)*-1?
7
Let n be (-1)/5 + (-72)/(-10). Let k = -26 - n. Let t = k + 57. What is the units digit of t?
4
Suppose -4*h + 2*t + 215 = t, 109 = 2*h + t. Let x = 22 + -12. Suppose x*r + h = 13*r. What is the tens digit of r?
1
Let g(k) = 2*k**2. Let f be g(-2). Suppose 4*z - f*z + 392 = 0. What is the tens digit of z?
9
Suppose -3*i - 4*r + 3980 = 0, 3*i + 5*r - 1502 - 2483 = 0. What is the units digit of i?
0
Let h(w) = -w**2 + 6*w + 2. Let t be h(6). Suppose -t = -x - 4. Let u = 27 - x. What is the units digit of u?
9
Let f = 289 + 123. Suppose -5*s - 7*i + 4*i + f = 0, 4*s - 300 = 5*i. What is the tens digit of s?
8
Let y(p) = -4*p**2 - 9*p + 5*p**2 + 7 + 2. Suppose -9*i + 77 = -31. What is the tens digit of y(i)?
4
Let t(n) = -3*n**3 - 3*n - 2. Let k = 35 + -37. What is the tens digit of t(k)?
2
Let l = -72 - -68. What is the tens digit of (l + (-55)/(-10))*24?
3
Suppose 2*q - 2984 = -5*y + 2889, 3 = -3*q. What is the hundreds digit of y?
1
Suppose 5*a - 41 = -21. Suppose 436 = 2*g + 2*g + 4*l, 0 = -g - a*l + 94. What is the units digit of g?
4
Let s be 21/(-210) - (-1)/10. Suppose 0 = -2*v + 4*f + 256, s = 3*v - 8*v - 2*f + 640. What is the units digit of v?
8
Let a = -738 - -1115. What is the units digit of a?
7
Suppose -290 = 11*v - 1489. Let g = 154 - v. What is the units digit of g?
5
Suppose 29*m = 8*m + 2184. What is the units digit of m?
4
Let q = 33 - 33. Suppose q = -6*t + 1019 + 43. What is the units digit of t?
7
Let u = 1528 - 776. What is the tens digit of u?
5
What is the tens digit of (-22596)/(-132) + (-2)/11?
7
Suppose 4*u - 2*w + 21 = -3*w, -2*w + 6 = -4*u. Let m = 4 + u. Let r = 35 - m. What is the units digit of r?
5
Suppose 9 = 3*d - 6. Suppose -5*f + 0*f = -3*x - 829, d*f + 5*x - 805 = 0. What is the hundreds digit of f?
1
Suppose 36*z + 3*j + 1310 = 38*z, -3*z - 2*j = -1978. What is the units digit of z?
8
Let a(p) = 2*p**3 + 14*p**2 + p - 11. Suppose 8 = -b + 21. Let t(y) = -y**3 - 7*y**2 + 6. Let f(k) = b*t(k) + 6*a(k). What is the units digit of f(-8)?
8
Let v = 2817 - 1879. What is the tens digit of v?
3
Let a = 7524 + -4046. What is the tens digit of a?
7
Let c = -52 + 54. Suppose c*p = -3*p + 190. What is the units digit of p?
8
Let y = -937 + 436. What is the hundreds digit of y/(-3) - (5 + (4 - 11))?
1
Let g be 4 + -1 - 348/(-12). Suppose 2*v + 2*v - g = 0. What is the units digit of v?
8
Suppose 4*x = c - 504, c - 3*x + 532 = 2*c. What is the units digit of c?
0
Suppose 0 = -2*y + 13*r - 10*r + 1696, -5*y + 2*r = -4262. What is the tens digit of y?
5
Let i = -19 + 22. Let w(p) = 6*p - 5*p**3 + p**3 + p + 5*p**i + 1 - 7*p**2. What is the tens digit of w(7)?
5
Let v = 7354 + -4747. What is the tens digit of v?
0
Let r(v) = v**3 + 10*v**2 + 8*v - 5. Let w be r(-6). Suppose -w - 27 = -2*o. What is the tens digit of o?
5
Let n = -78 + 78. What is the units digit of ((-1)/1 - n) + (65 - 2)?
2
Let w be 30/8 - 5/(-20). Suppose 0 = -4*x + 2*k + 28, w*x + 5*k = 16 + 12. What is the units digit of x?
7
Let f = -1071 - -2186. What is the tens digit of f?
1
Let p(d) = d**3 + 2*d**2 + 2*d + 82. What is the units digit of p(0)?
2
Let i(t) = t**3 + 6*t**2 + t - 5. Let f be i(-6). Let o(l) = 6 - 3 - l + 0. What is the units digit of o(f)?
4
Suppose -20 = -y - 2*q, 0 = 2*q - 4 + 12. Suppose -5*r + y + 57 = 0. What is the tens digit of r?
1
Let s(a) = 4*a + 11. Let z be s(-4). What is the units digit of (-1*1)/((z/(-20))/(-1))?
4
Suppose -4*g = -1478 - 1806. What is the tens digit of g?
2
What is the tens digit of ((-2)/2*1)/((-2)/1544)?
7
Suppose l + 3*w - 2696 = -4*l, -3*l + 5*w + 1638 = 0. What is the units digit of l?
1
Let t = 3573 + -1860. What is the hundreds digit of t?
7
What is the tens digit of 2212 + 6 + 5 - -4?
2
Let p = 9 + 0. Let d be (0 - -3) + -5 - p. What is the units digit of d/(-4 + 1 - -2)?
1
Suppose 0*j + 4*j = 72. Suppose -5*u + 70 = 3*m - j, 0 = 4*m + 4*u - 128. What is the units digit of m?
6
Let j(f) = -f**3 + 9*f**2 - 8*f - 1. Suppose -5*q - 7 = -4*p, 3*p + 52 = 7*p + 4*q. Let l be j(p). Let n(z) = -3*z**3 + 1. What is the units digit of n(l)?
4
Suppose o = -4*o - 2*k + 56, -4*k + 22 = o. Suppose 3*f + o = 322. Suppose -4*u + 6*u = f. Wh